r?
True
Suppose 16*u + 255 = 13*u. Is (78/10)/((-17)/u) prime?
False
Suppose -2*x - 1045 + 4843 = 0. Let p = x + 916. Is p composite?
True
Let h(r) = -r - 3. Let s be h(-7). Suppose -2*t = -5*t - s*z + 364, z = -4*t + 481. Suppose -12 - 13 = 5*x, -t = -2*d + 2*x. Is d a composite number?
True
Suppose 1393768 = -657*n + 665*n. Is n a prime number?
True
Let c(i) = -i**2 - 5*i + 8. Let q be c(-6). Let f be 15/13 + q/(-13). Is -3 - (-2 + -129 + f) composite?
False
Suppose -3*y - 4*i + 1231 = 0, y - 146 - 261 = 2*i. Is y composite?
False
Let a be 1 + -8*1 + 4. Let s be 21/15 - (-4)/(-10). Is (-1676)/8*(a + s) a prime number?
True
Let q(c) = 132*c**2 + 23*c - 8. Is q(5) a composite number?
False
Let t(b) be the first derivative of 2*b**2 - 7*b + 4. Is t(5) composite?
False
Let i be (-12)/20 + (-183)/(-5). Suppose -i = -3*f + f. Is f/(-24) + 215/4 prime?
True
Suppose -3*y = -5*b + 23597, -10*y = 4*b - 15*y - 18888. Is b a composite number?
True
Suppose 22*h - 23200 = 29886. Is h prime?
False
Let r = 47318 - 27702. Is (-6 - r/(-20))*(-5)/(-2) composite?
False
Let m(f) = -7*f**2 - 3 - 14 - f**3 + 2*f**3 + 10*f + 0*f**3. Let t be m(7). Let l = 33 + t. Is l prime?
False
Suppose 17*t = 15*t - 4*v - 44, 5*t - 5*v = -35. Suppose -35 = 4*s + s. Is (-537)/s + t/(-42) composite?
True
Let q(s) be the third derivative of s**5/20 + s**4/6 + s**3/3 - 2*s**2. Suppose -51*f - 24 = -45*f. Is q(f) a composite number?
True
Let v(q) = -48*q - 31 - 38*q + 60*q. Let c be 3/(-2)*26/3. Is v(c) prime?
True
Suppose 5*k - 158 = 2547. Suppose 3*g - k = 446. Suppose g = 4*f - 147. Is f a composite number?
True
Suppose 15 = 5*b + 5*p, -5*b + p - 15 = -4*p. Suppose -4*w - l + 259 = 2*l, 2*w - 3*l - 143 = b. Suppose 298 = 3*m + w. Is m a prime number?
False
Let m = -19924 - -28811. Is m prime?
True
Let r be 1 - (-3 - 1) - -1. Let j(n) = 1. Let s(y) = -28*y + 5. Let a(i) = 4*j(i) - s(i). Is a(r) a prime number?
True
Let i be (-18275)/(-51) + (-1 - 5/(-3)). Let n = i + -244. Is n composite?
True
Let b be 115/9 - 4/(-18). Let o(f) = 14*f**2 + 6*f + 8*f - f**3 + 9 + 0 + 1. Is o(b) composite?
True
Suppose c - 4 = -c. Let k be (c - -1) + -4 + 1. Suppose -l - g + 130 = k, 5*l + 3*g - 638 = 2*g. Is l a composite number?
False
Is 1951 + 2 - 24/6 composite?
False
Let p(a) = 29*a + 1. Let m be p(-2). Let u = 81 + m. Suppose 154 = 2*b + u. Is b a prime number?
False
Let f(b) = -b**2 - b + 1. Let m(g) = 4*g**2 + 6*g - 11. Let w(i) = 2*f(i) + m(i). Suppose 4*n - 9 = -5*d, 3*n + 5*d - 3*d - 12 = 0. Is w(n) a prime number?
False
Let t(o) = -275*o**3 + 7*o**2 - 9*o - 38. Is t(-3) prime?
True
Let b be (12/(-30))/(2/680). Let u be 2897/5 + 6/(-15). Let q = u + b. Is q a composite number?
False
Let w(i) = -i - 4. Let o(h) = -3*h - 9. Let g(u) = 2*o(u) - 5*w(u). Let x be g(-2). Suppose x*y = 0, -2*j - 131 = -3*j + y. Is j a composite number?
False
Suppose 0 = -3*v - 5*w + 2*w + 3945, -2*w - 8 = 0. Is v prime?
True
Is (0 + (-8)/12)*-4083 a composite number?
True
Suppose -13*t + 0*t = -81757. Is t composite?
True
Is 4/10 + 471293/155 a prime number?
True
Let m be ((-8)/(-10))/(2/5). Let p(w) = -w + 2. Let z be p(m). Suppose 4*n - 377 - 230 = -3*q, z = -2*q + 5*n + 420. Is q a composite number?
True
Suppose y = q + 471, q + 0*q - 2325 = -5*y. Suppose 0 = 4*d - 0*d - t + 1836, -2*t + y = -d. Is d/(-5) + (-3)/5 composite?
True
Let n be (-3)/1 + (-4 - -7). Suppose -d - 2*d = 4*l - 10255, n = d - 3*l - 3401. Is d composite?
False
Let f = -89023 - -156430. Is f a prime number?
False
Let d(z) = -z**2 - 9*z - 13. Let c be d(-6). Suppose -5*b + 448 = -v, -c = 3*v + 4. Is b a composite number?
False
Suppose -20 = c + 4*c - 3*f, -4*c = 2*f - 6. Let v be 139*(-3 + 2)*c. Let p = -26 + v. Is p a prime number?
True
Suppose 0 = -3*k - 9, 2*k - 14 = -r - 3*k. Suppose 2*x - 112 = -5*m - 2*x, 5*m - x - 122 = 0. Suppose -z = -m - r. Is z composite?
False
Let u(l) = -22*l**2 - l - 10. Let f(i) = 22*i**2 + 10. Let t(m) = -2*f(m) - 3*u(m). Is t(-3) a prime number?
True
Is (7 + -7)/(-12) - (2 + -18373) a composite number?
False
Let p(n) = -n**3 + 10*n**2 + 13*n - 4. Let y = -4 + 40. Suppose -2*w - y = -4*a, -4*w - w - 36 = -4*a. Is p(a) a composite number?
True
Suppose m + 8 = -3*m. Let r be 594 + m + 4/1. Suppose -4*z = -0*z - r. Is z a composite number?
False
Let w = 347 - 157. Let m = w - -31. Is m a composite number?
True
Let a = -87 - -80. Let i(f) = -4*f**3 + 15*f**2 - 12*f + 3. Let t(u) = u**3 - 5*u**2 + 4*u - 1. Let s(g) = 2*i(g) + 7*t(g). Is s(a) prime?
False
Let f = 44 + -24. Is (-5)/f - 6250/(-8) a composite number?
True
Let u(h) = h**2 - 18*h - 32. Let d be u(20). Suppose -d*l + 1117 = -2443. Is l prime?
False
Suppose z = -2*y, -5*y + 4 + 5 = -2*z. Let m be 5 - y - (-4 + 8). Suppose u + 104 - 395 = m. Is u a composite number?
True
Let y(o) = o**3 - 11*o**2 - 43*o - 3. Let u be y(31). Suppose 1009 - u = -5*b - 4*v, 10123 = 3*b + 2*v. Is b prime?
True
Suppose 18 = -3*y - 3*y. Is y/9*-933 - 4 composite?
False
Let z(s) = 16*s**2 + 5*s - 3. Suppose 16 = 3*o - 2*u, -o + u - 2 = -2*o. Let p be o + (4/4)/1. Is z(p) prime?
False
Suppose 7 = -4*z + 23. Suppose z*d - 2*d - 1678 = 0. Is d composite?
False
Let o be (2 + 1)*-2*-1. Let a(k) = -13*k**2 - 2*k**3 - 5 + o*k**3 + 33*k**2 - 3*k**3 + 7*k. Is a(-19) a composite number?
False
Is 2 + (-68862)/(-13) + 6/(-78) a composite number?
True
Suppose 9*a = 7*a + 934. Let i = a - 306. Is i a composite number?
True
Let z(b) be the first derivative of -b**4/2 - 5*b**3/3 - b**2/2 + b - 70. Let g be 2/5 - 66/15. Is z(g) a composite number?
False
Let h(m) = m**2 + 11*m + 71. Is h(-48) prime?
True
Suppose 3*c + 2*z - 105061 = 0, 0 = -2*z - 5 - 3. Is c composite?
False
Let a(t) = 6*t**2 - 5 + 31*t - t**2 - 55*t + 25*t. Is a(9) a composite number?
False
Let q = -11 + 13. Suppose q*r + 6 - 10 = 0. Is (-1 + r)*(-465)/(-3) composite?
True
Let d(n) = 191*n**2 + 7*n + 59. Is d(-11) a prime number?
False
Suppose 3*y = 5 - 17. Let m(n) = 36*n**2 - n + 7. Is m(y) prime?
True
Suppose -y - 2023 = 6*y. Let p = -206 - y. Is p composite?
False
Suppose -12 = 123*g - 126*g. Suppose 4*u = 2*r - 5022, g*r - 7525 = r + 4*u. Is r composite?
False
Let z(k) = -8*k**2 + 2*k - 9. Let v be z(4). Let s be 20/15*v/2. Let c = 141 + s. Is c composite?
True
Let d(i) = 64*i**2 + i - 1. Let m be d(1). Let b = 270 - m. Suppose -709 = -5*v + b. Is v a prime number?
False
Suppose 0*b - 3 = 3*b. Is b + (-246)/3*-7 composite?
True
Suppose 0 = 12*u - 1389415 - 1150829. Is u prime?
False
Let d = 0 - -10. Suppose -c - r + 8 = 3*c, 0 = -5*c - 4*r + d. Suppose 116 = -c*m + 1274. Is m prime?
False
Suppose -3*f = -3*m - 5 + 20, 4*m - 14 = 2*f. Suppose -m*w + 11 = 31. Is ((-16)/w + -1)*15 a prime number?
False
Suppose 0 = -4*s + 8 + 4. Suppose -20 + 8 = 3*m, -4*k + s*m + 28 = 0. Suppose -k*z = -422 - 294. Is z a prime number?
True
Suppose -3*w = 6*d - 3*d + 384, 3*w - 2*d + 359 = 0. Let a = w + 175. Suppose -3*h - a + 433 = 0. Is h a composite number?
False
Suppose 10*j - 9*j - 9 = 0. Let q(u) = u**3 - 4*u**2 - 5*u - 1. Is q(j) prime?
True
Suppose 4*j - 4*p - 1476 = 0, 3*p + 105 - 843 = -2*j. Let m = -40 - j. Let h = -155 - m. Is h prime?
False
Suppose 13*u = 9*u + 3988. Is u a prime number?
True
Suppose 9*b - 165789 = -43902. Is b a composite number?
True
Let m(j) = j**3 - 8*j**2 + 6*j + 12. Let c be m(7). Suppose c*s - a = -16 + 2909, 0 = 5*s + 2*a - 2899. Is s a composite number?
True
Let m = -11 - -14. Suppose 0 = m*w - 0*w. Suppose -5*y - 20 = w, -3*o + 3*y = -2*y - 1085. Is o a composite number?
True
Let v(h) = h. Let g be v(0). Let a be -3 - (-24 + 3 + g). Is (-1)/3 - (-1050)/a prime?
False
Let t be 4/(-14) - (-1 + 174/(-21)). Suppose -t*n + 0*n = -27981. Is n a composite number?
False
Let n(g) = -g**3 - 2*g**2 + 37. Let w be n(0). Let z(j) = -w*j**2 - 1 + 39*j**2 + 261*j**3 + 157*j**3. Is z(1) composite?
False
Suppose -9*j - 2936 - 1222 = 0. Is (0 + -2)/(28/j) a composite number?
True
Let q(g) = 213*g - 532. Is q(11) a prime number?
True
Let j be 32/6 + 16/24. Suppose -2*q + 5*b = -3602, j*b = q + 2*b - 1801. Is q prime?
True
Let g = -15 + 16. Is g/((1/1169)/1) a composite number?
True
Let v be 3 - (7 - 2) - 66. Let c = v + 255. Is c a composite number?
True
Let d(o) = -217*o + 3. Let q(k) = k. Let g(x) = -d(x) - 3*q(x). I